 q(v).
-5
Let b be (4/5)/((-19)/(-4085)). Let d(y) = -3*y**2 - 1 + 3 - 170*y + b*y. Calculate d(3).
-19
Let m be 5 + -12 + (9 - 7). Let y(p) = 3*p**2 + 9*p - 5. Calculate y(m).
25
Let l(v) = -v**2 - 23*v - 22. Let h be l(-22). Let n(i) = -27 - 4*i - 4*i + i + 8*i. Determine n(h).
-27
Let h = 734 - 732. Let y be (32 - 52)/(-1*h). Let n(p) = p**3 - 9*p**2 - 15*p - 19. Let g(m) = -m - 1. Let i(q) = -6*g(q) + n(q). What is i(y)?
-3
Let s(b) be the second derivative of 0 - 5/3*b**3 + 6*b - 1/12*b**4 + 0*b**2 + 1/120*b**5. Let j(w) be the second derivative of s(w). Give j(0).
-2
Let z = -22 + 24. Suppose -3 - 5 = z*u. Let q(p) = -2*p**2 - 17*p - 9. Let m(o) = o**2 + 8*o + 4. Let g(c) = -9*m(c) - 4*q(c). What is g(u)?
0
Let l(w) = 0 - 7 + 5*w + 0 - 15*w - 10*w. Calculate l(-3).
53
Let b be (173 - 174)*((-15)/5 + -3 - 3). Let o(s) = 0 - 1 + 5 + s. Give o(b).
13
Let o(n) = 37*n. Suppose 130*q - 129*q = 5*d + 28, q - 3*d = 16. Give o(q).
-74
Let k(i) = -4*i**3 - 12*i**2 - 25*i - 20. Let g(c) = 5*c**3 + 13*c**2 + 30*c + 26. Let f(p) = -3*g(p) - 4*k(p). Determine f(-7).
30
Let d(q) be the first derivative of -3*q - 5/2*q**2 - 23. Give d(-4).
17
Let x(o) = -o**3 + 19*o**2 - o + 45. Let y = 3119 - 3100. Give x(y).
26
Suppose -5*s = -2*r - 146, -156 - 63 = 3*r - s. Let t(l) = 27*l + 259. Let i be t(-12). Let a = r - i. Let n(z) = z + 5. Determine n(a).
-3
Let y(v) = -20*v - 15. Let m(q) = 7*q + 5. Suppose -2*l = 2*x, -3*l = -0*l - x + 12. Let g be l + (-1 - 10/5). Let a(j) = g*y(j) - 17*m(j). Determine a(-8).
-3
Let f(p) = 2*p**2 - 3*p + 1. Let s(w) = 2*w**2 - 2*w + 1. Let x(j) = 2*f(j) - 3*s(j). Let o be (13 - 12)/(1/32*1). Let k = -31 + o. What is x(k)?
-3
Let u(n) = -5*n**2 + 10*n + 52*n**3 - n**2 + 73*n**3 - 18 - 124*n**3 + n**2. Determine u(4).
6
Let q be 6/(-12)*(-360)/3. Let o be (15/(-3) + 4 + 2)*1. Let w be o/(-4) + 1 + q/(-16). Let c(z) = z**3 + 5*z**2 + 4*z - 1. Calculate c(w).
5
Let y(d) be the first derivative of d**3/3 - 2*d**2 - 3*d + 156. Let r(m) be the first derivative of 3*m**2/2 - 4*m + 2. Let h be r(3). What is y(h)?
2
Let c = 12 + -9. Let o(p) = -3*p**3 + 3*p - 5. Let q(h) = 4*h**3 + h**2 - 3*h + 6. Let s(m) = -3*o(m) - 2*q(m). Determine s(c).
3
Let l(z) be the second derivative of z**4/12 + z**3/2 - 11*z**2 + 2*z - 649. What is l(-9)?
32
Let y(u) = -4*u**2 - 4*u - 3. Let s be y(-2). Let l(z) = -16*z + 59. Let h(q) = -3*q + 12. Let t(x) = s*h(x) + 2*l(x). What is t(9)?
-5
Let q be (-420)/(-50) - (6/(-10) + 0). Let p be q/((4/8)/(1/2)). Let f(o) = p*o - 21*o + 13*o + 1. Calculate f(6).
7
Let l = 390 - 386. Suppose a = 2*v + 2*a - 4, 0 = -l*v + 3*a - 12. Let z(x) = x**2 + x - 4. What is z(v)?
-4
Let c(q) = q + 2. Suppose -5 = -y, 5*p + 2*y = -0*y + 105. Suppose 16*s = p*s - 15. Suppose 20 = -5*g - s*a, 2*g + 13 = 4*g - 5*a. What is c(g)?
1
Let i(x) = x**2 - 9*x + 6. Let a(b) = -2*b**2 + 17*b - 11. Let g be (56/24)/((-2)/(-6)). Let k(t) = g*i(t) + 4*a(t). Calculate k(2).
4
Suppose -9*h + 4*h = 140. Let l be (((-4)/h*0)/2)/2. Let w(x) = 5*x**3 + 5*x + 7. Let d(z) = -9*z**3 - 9*z - 14. Let j(p) = -4*d(p) - 7*w(p). Give j(l).
7
Let u(r) be the third derivative of r**6/120 - r**4/24 - 13*r**3/6 - 15*r**2 + r - 76. Determine u(3).
11
Suppose 4*s + 2*d - 5*d = 99, 0 = -4*s + d + 89. Let v(f) = 5*f - 109. Give v(s).
-4
Let a(n) = 4*n - 3. Suppose 5*t = -4*h - 0*h + 158, -22 = -t + 4*h. Suppose 4*d = -6*d - t. Determine a(d).
-15
Let m(k) = k**3 + 8*k**2 - 15*k - 110. Suppose -6*g - 8546 + 8498 = 0. Calculate m(g).
10
Let j = 6 + 31. Suppose -4*s = 4*z - 5*z + 26, 2*z - j = 5*s. Let d(x) = -6 - 2*x + x**2 - 7 + 8. Calculate d(z).
19
Let x = -3155 - -3158. Let w = 1 + -1. Let m(p) = -p**2 + w*p**3 + 2*p - p**x - 1 + 2. Calculate m(-2).
1
Let w(x) = 29*x**2 + 13*x + 2. Suppose 2*o - 16 = -5*j, 4*j - 10 = 30*o - 33*o. Determine w(o).
92
Let u(x) = x**3 + 13*x**2 - 13*x - 1. Let q(m) = 6*m**2 + 85*m. Let p be q(-14). Give u(p).
-15
Let p(s) be the third derivative of s**5/120 - s**4/8 + 13*s**3/2 + 23*s**2. Let l(u) be the first derivative of p(u). Let x be -2 + 1 + -1 + 8. Give l(x).
3
Let a(v) be the first derivative of -3*v**4/4 + v + 2174. Let d be 4/6*9/6. What is a(d)?
-2
Suppose -3*t + 37 - 1 = 0. Suppose -4*r = -0*r - t. Let i(z) = -5*z**2 - 3 + 5*z**r + 4*z - 2*z**3 + 0*z**3 - 4*z**3. What is i(-6)?
9
Suppose 10*u - 735 = 25*u. Let a = 35 + u. Let t(z) = -z**2 - 15*z - 12. What is t(a)?
2
Let o(d) = -d**2 + d - 4. Let b(q) = 5*q**2 - 13*q + 22. Let s(a) = -b(a) - 6*o(a). Let z(c) = c**2 + 8*c - 8. Let j be z(-7). Let u = j - -8. Determine s(u).
2
Let g(k) = -17574*k**2 + 1 - 17575*k**2 + 35146*k**2 - 13*k. Determine g(-8).
-87
Let f(q) be the third derivative of q**6/120 - q**5/10 + 7*q**4/24 + q**3/6 + 17*q**2 + 2*q. Suppose -4*n + 2*p = -26, 0*n - 2*p = 2*n - 4. Calculate f(n).
11
Let z(r) be the first derivative of 7*r**2/2 - 2*r - 2311. What is z(3)?
19
Let b(y) = -10*y - 52. Let t(z) = 29*z + 156. Let l(h) = -17*b(h) - 6*t(h). Let s be l(-10). Let p be (2/(-4) + 2)/(s/(-8)). Let c(k) = 5*k + 1. Calculate c(p).
6
Suppose -2 = n + n - 5*s, 28 = 5*n + 4*s. Let z(c) = 2*c**2 - 3*c + 2. What is z(n)?
22
Let p = -118 - -116. Let l = p + 5. Suppose 7 = -l*t + 2*j, 5*j + 0 - 7 = -3*t. Let v(w) = w**2. What is v(t)?
1
Let i(x) be the first derivative of -4*x**2 - x + 16. Let s = -69 + 68. What is i(s)?
7
Let r(d) = d - 1. Let j = 100 - 98. Let i(c) = -2*c**3 + 4*c**2 - 4*c + 6. Let o(q) = j*r(q) + i(q). Let n(k) = -k**2 - 7*k - 7. Let b be n(-5). Calculate o(b).
-20
Let v(n) = n**3 - 19*n**2 + 32*n + 27. Suppose -3*l = -3*j - l + 53, 5*j - 84 = -l. Give v(j).
-7
Let y(s) = 8*s - 99. Let p(j) = 3*j - 38. Let t(d) = 11*p(d) - 4*y(d). Give t(0).
-22
Let o(c) = c**3 + 8*c**2 - 11*c - 11. Suppose -t - 465 = -6*t. Suppose -t*p = -101*p - 72. What is o(p)?
7
Let x(o) = -28370*o + 14163*o + o**2 + 319 - 2*o**2 + 14180*o. Calculate x(-36).
-5
Let p(k) = -5*k + 27. Suppose 18 = 4*j + 54. Let g(a) = -a + 6. Let n(v) = j*g(v) + 2*p(v). Calculate n(1).
-1
Let r(g) = -584*g - 605*g + 1218*g - 3. Calculate r(-1).
-32
Let v(i) = i**2 - 19*i - 46. Let t(y) = -y**2 + 104*y - 1083. Let o be t(92). Determine v(o).
-4
Let p be -98 + 0/(-3) - (-30)/6. Let i = p + 86. Let t(b) be the second derivative of -b**3/6 - 5*b**2/2 + 3*b. Determine t(i).
2
Let j(v) = -v**3 - v**2 + v + 9. Let d be (1 + 0)*-3*(24 + -25). Suppose d*b - 3*n = 0, 3*n = -0*n. Calculate j(b).
9
Let k be 188 - 184 - (-4 + 1). Let c(y) = -y + 1. Let a(h) = 2*h - 9. Let i(w) = 2*a(w) + 2*c(w). Give i(k).
-2
Suppose 2*j = -4, 3*k - k - 3*j - 16 = 0. Let y(g) = 2*g**3 - 3*g**3 - 6*g**2 - 1115*g + 1104*g - 10 - k*g**2. Give y(-10).
0
Let t(g) = g**2 - 38*g + 131. Let u be t(34). Let m(s) be the first derivative of -s**3/3 - 3*s**2/2 + 4*s - 51. Determine m(u).
-6
Let l(u) = -u**2 + u + 1. Suppose -4*q = -16 + 12. Let o(p) = -3*p**2 + 12*p + 11. Let c(k) = q*o(k) - 2*l(k). Give c(11).
-2
Let o(k) = -k**2 + 11*k. Let i(d) = d**2 - 4*d + 3. Let l be i(0). Suppose -a + 4*a + 4*v = 24, -l*a + v = -24. Calculate o(a).
24
Let v(w) = 6 + 170*w**2 - 326*w**2 + 161*w**2 - 7*w - w**3 - 12. Give v(4).
-18
Suppose 3*c - 31 = -2*t - 2*t, 4*c = 5*t. Let a(w) = c - 7 + 14 - w + 0*w. Calculate a(6).
6
Let u(s) be the first derivative of 9*s**2/2 - 26*s + 5598. What is u(6)?
28
Let j(z) = -6*z + 120. Let d(v) = -10*v + 93. Let n(y) = 4*d(y) - 3*j(y). Determine n(-4).
100
Let g(i) = -41*i**3 - 5*i**2 - 15*i - 14. Let b(q) = 116*q**3 + 15*q**2 + 44*q + 40. Let r(x) = -6*b(x) - 17*g(x). Calculate r(7).
33
Let n(f) = -f + 24 + 15 - 16 + 24 - 7. Give n(41).
-1
Let z(v) = -263*v + 249. Let l(f) = 84*f - 83. Let d(g) = -19*l(g) - 6*z(g). Calculate d(5).
-7
Let h be 1/(-2) + 7/(-22) - 98248/540364. Let p = 2 + -1. Let r(o) = 2 - 10*o + p - 2. Calculate r(h).
11
Let b(z) = -4 + 4 + 2*z - 6*z**2. Let p(q) = -3*q**2 - 20*q - 30. Let t be p(-2). Calculate b(t).
-28
Suppose 104*q - 112*q + 256 = 0. Suppose 3794*z + q = 3790*z. Let p(w) = -10*w - w**2 - 10 - 3*w**2 + 3*w**2. Calculate p(z).
6
Let z(a) = 63*a - 185. Let n be z(8). Let o = n + -325. Let k(y) = y**2 + 6*y - 4. What is k(o)?
-4
Let r(f) = -f**3 - 16*f**2 + 18*f + 21. Let o be r(-17). Let v(d) = 6 - 15 + d**2 + o*d + 2. Let m be 2/5 - 27/5. Calculate v(m).
-2
Let g(c) = 